221001?
-1021222220020
In base 15, what is -10446 - 9936?
-19d7c
In base 16, what is -14 - -39d1?
39bd
In base 7, what is -244462 - -52?
-244410
In base 13, what is -1639919 + -7?
-1639923
In base 5, what is 3224340 + 304120?
4034010
In base 15, what is -9607 + -cb?
-96d3
In base 5, what is 213 + -113410303?
-113410040
In base 12, what is -1b164 + 102?
-1b062
In base 9, what is -147274341 + 1?
-147274340
In base 10, what is 908 + 91696?
92604
In base 2, what is 100010000101100 - 10001011?
100001110100001
In base 4, what is -31 + -11230223112?
-11230223203
In base 12, what is -12020a0 - -50?
-1202050
In base 16, what is 4 - db1c174?
-db1c170
In base 2, what is -111100100 - 1111001101101001?
-1111010101001101
In base 9, what is -16 + 311261?
311244
In base 5, what is -2221142 - -434?
-2220203
In base 13, what is -8a2b4c - 24?
-8a2b73
In base 15, what is -7 - -340165?
34015d
In base 12, what is 13b - 8782?
-8643
In base 10, what is -38 - -60913?
60875
In base 2, what is -110000000010100 + 1001100101?
-101110110101111
In base 7, what is 14 - 62014633?
-62014616
In base 7, what is -4111022325 + -2?
-4111022330
In base 9, what is -1 + -23853515?
-23853516
In base 16, what is 182ae45 - -4?
182ae49
In base 15, what is 88e889 + 3?
88e88c
In base 3, what is -1211201 + 20211121?
11222220
In base 6, what is -2003320 - 10?
-2003330
In base 10, what is 11754 - 1964?
9790
In base 14, what is -8a - -18099?
1800d
In base 15, what is -1563 + -91b?
-1e7e
In base 4, what is -1311 + 23320210?
23312233
In base 6, what is -31135 - -25043?
-2052
In base 4, what is 2122323 - -323002?
3111331
In base 8, what is -5236 - 57026?
-64264
In base 9, what is -26176 - -102?
-26074
In base 10, what is 1 + -236570814?
-236570813
In base 11, what is -206 - -130a02?
1307a7
In base 10, what is 497123 + 60?
497183
In base 10, what is 91 - 101981?
-101890
In base 9, what is -180 - -165071?
164781
In base 3, what is 1000210121 - 1010221?
222122200
In base 8, what is -1223 - 25043?
-26266
In base 14, what is 0 + 50b0751?
50b0751
In base 16, what is -147a95 - -6?
-147a8f
In base 8, what is -156652033 + 5?
-156652026
In base 8, what is 6666614 - 5?
6666607
In base 2, what is 1111010001010011100 + 1100001001?
1111010010110100101
In base 3, what is 222112112010021 - -21?
222112112010112
In base 16, what is b0a + -144d?
-943
In base 7, what is 4 - -23551161?
23551165
In base 8, what is -145756743 + -1?
-145756744
In base 7, what is -424 + 204361?
203634
In base 16, what is -2ebc - -267?
-2c55
In base 6, what is 1 - 1050450214?
-1050450213
In base 8, what is 0 + -1371720341?
-1371720341
In base 6, what is -35 + 54451020?
54450541
In base 13, what is -6134 - 1644?
-7778
In base 14, what is -3c50 + -745?
-4595
In base 4, what is -313320232 - 1211?
-313322103
In base 14, what is -3 + b1d8d6?
b1d8d3
In base 11, what is -88a712 + -414?
-890026
In base 3, what is 2202101201020 - -110?
2202101201200
In base 5, what is -2034122220324 - -2?
-2034122220322
In base 16, what is 8f + 91a1?
9230
In base 15, what is 5e7 - 49d28?
-49731
In base 4, what is -33212 - -2230232?
2131020
In base 4, what is 13222 + -10311230122?
-10311210300
In base 5, what is -1111043303 + 102?
-1111043201
In base 8, what is 702512 + 1376?
704110
In base 7, what is 1210005 - 112?
1206563
In base 6, what is -3104033 - 111?
-3104144
In base 10, what is -7 + 203763564?
203763557
In base 6, what is 41403 + -2231535?
-2150132
In base 13, what is -6 - 364749?
-364752
In base 16, what is 50a + -1d77?
-186d
In base 3, what is 22 - -10022122001201001?
10022122001201100
In base 14, what is -b9864 + 6?
-b985c
In base 6, what is -24244 + -1440?
-30124
In base 15, what is -6108094 + -3?
-6108097
In base 16, what is -ef + 30a0?
2fb1
In base 10, what is -120441 - -1403?
-119038
In base 16, what is 903dfa + -1?
903df9
In base 12, what is b5a - -5516?
6474
In base 14, what is b54 - -3d1b?
4a71
In base 16, what is 59 - 159cbf?
-159c66
In base 13, what is 13088 - 7c3?
12595
In base 15, what is 2580 - -82d4?
a864
In base 15, what is -5d4 - 111cd?
-117b2
In base 10, what is -1026347 - 6?
-1026353
In base 5, what is -322404234 - -1?
-322404233
In base 13, what is -2252 + 629?
-1926
In base 5, what is -13224442 + -201?
-13230143
In base 13, what is -1a3aca19 - -2?
-1a3aca17
In base 9, what is -3852524 - -6?
-3852517
In base 10, what is 178604 - -31?
178635
In base 13, what is -60a1a48 - -1?
-60a1a47
In base 13, what is 251 + -342b?
-31aa
In base 12, what is 3770841 + -2?
377083b
In base 8, what is -7135760070 - 1?
-7135760071
In base 10, what is -95 + 100505?
100410
In base 11, what is -414 - 9535?
-9949
In base 3, what is -21111010100200110 + -12?
-21111010100200122
In base 6, what is -11424343133 + 2?
-11424343131
In base 10, what is -2670 + 86410?
83740
In base 16, what is c1 - -5e118?
5e1d9
In base 14, what is 30 + 324095?
3240c5
In base 10, what is -38546 + 233?
-38313
In base 10, what is 855199426 + 0?
855199426
In base 11, what is 63 + -237781?
-237719
In base 12, what is -2a7 + 8163?
7a78
In base 14, what is -493 + -2b5?
-768
In base 4, what is -3 + -100301002001?
-100301002010
In base 14, what is -1a23ca95 + 5?
-1a23ca90
In base 11, what is 60a16961 + 2?
60a16963
In base 15, what is -b07bd90 + -4?
-b07bd94
In base 2, what is -1110010111011010011001 + 11111?
-1110010111011001111010
In base 16, what is 2 + 18ecbd0?
18ecbd2
In base 13, what is 171 - c05c7?
-c0456
In base 8, what is 53574 + -4225?
47347
In base 2, what is 110111010111011000000 - -1001101111?
110111011000100101111
In base 15, what is -3 - -cbda36?
cbda33
In base 8, what is -4 + 74277421?
74277415
In base 6, what is -42200 + -40314?
-122514
In base 12, what is -4379 - 5864?
-a021
In base 2, what is 1000100000110000110111 + -11?
1000100000110000110100
In base 7, what is -15610136 + 2?
-15610134
In base 9, what is 24 - -42641844?
42641868
In base 8, what is 170 - 22376?
-22206
In base 9, what is -1704461 - -45?
-1704415
In base 10, what is 508972 + 12?
508984
In base 4, what is 10 + 20231120131?
20231120201
In base 12, what is b1454 - 14?
b1440
In base 2, what is -100 - -10111011111011010010111011?
10111011111011010010110111
In base 15, what is -21e2ee3 - 0?
-21e2ee3
In base 12, what is -2b41 - -2b4a?
9
In base 2, what is 10011100000100 - 100000100001010?
-1101000000110
In base 8, what is -3 - 13521463?
-13521466
In base 8, what is 3 - -365703?
365706
In base 14, what is -22c3 - -132?
-2191
In base 7, what is 11 + 60561325?
60561336
In base 3, what is -11210002110112 - -22?
-11210002110020
In base 15, what is 935 - -15ac?
1ee2
In base 8, what is -100337 - -476?
-77641
In base 16, what is 13 - b0970?
-b095d
In base 7, what is 313320 - 50?
313240
In base 8, what is -10254606 + -4?
-10254612
In base 12, what is 3 - 2753a91?
-2753a8a
In base 14, what is 7 - 9097d4?
-9097cb
In base 7, what is 53 - -202601400?
202601453
In base 4, what is -12 - -2021333212?
2021333200
In base 9, what is -1424223 + 6?
-1424216
In base 9, what is -14323647 + -65?
-14323723
In base 2, what is -10111111011010 - 1000101?
-11000000011111
In base 7, what is 21 - -50200261?
50200312
In base 12, what is -135 + 138758?
138623
In base 10, what is -20001 - 465?
-20466
In base 13, what is 59982a7 - 1?
59982a6
In base 16, what is 3 + -451c9c?
-451c99
In base 12, what is -4 + 384803?
3847bb
In base 12, what is -2a02714a - -3?
-2a027147
In base 6, what is -3 + 13454110114?
13454110111
In base 8, what is -1070646 + -42?
-1070710
In base 15, what is -6c3c - -280?
-69ac
In base 7, what is 66564 - -103?
100000
In base 2, what is 11110001101001010000110101 + 11?
11110001101001010000111000
In base 7, what is 25361 - -1221?
26612
In base 16, what is -15593 + -38?
-155cb
In base 5, what is 203411413 + 14?
203411432
In base 10, what is 3 + 6611853?
6611856
In base 16, what is -cb259a - -a?
-cb2590
In base 8, what is -7 + -2022201?
-2022210
In base 7, what is -1115443060 - 5?
-1115443065
In base 15, what is -d09 - -11ecd?
111c4
In base 5, what is 12224012434 - 2?
12224012432
In base 13, what is -4846 - 1b2b?
-6674
In base 13, what is -5 - -888417?
888412
In base 9, what is -3 - 8005861?
-8005864
In base 4, what is -1 - 1230011100332?
-1230011100333
In base 8, what is 44 - 307004?
-306740
In base 12, what is -6 + b92a355?
b92a34